actors of d(1)?
1511
Let s(j) = j**3 - 23*j**2 + 151*j - 38. What are the prime factors of s(18)?
2, 5, 53
Suppose -618 = -9*f + 129. What are the prime factors of f?
83
Let i = -979 - -1417. List the prime factors of i.
2, 3, 73
Suppose 14257 = 24*p - 22631. List the prime factors of p.
29, 53
Let r(p) = p - 6. Let a = -9 + 17. Let s be r(a). Suppose -2*z + 58 - 24 = s*o, z + 13 = o. What are the prime factors of o?
3, 5
Suppose 5*l = -y + 92, -4*y + 5*l = 4*l - 326. Let s = y + -51. List the prime factors of s.
31
Suppose 2*n + 44 = n. Let q = n + 74. List the prime factors of q.
2, 3, 5
Let q(f) = -f**3 - 11*f**2 - 13*f - f + 0*f**2. Let l be q(-10). List the prime factors of 2112/l - 4/5.
2, 13
Let n be 5*3/30*10. Suppose -89 = -n*o + 3*s + 41, 4*o = 4*s + 112. What are the prime factors of o?
23
Let r = -3 + -11. Let w = r - -7. List the prime factors of ((-6)/w)/((-1)/(-7)).
2, 3
Suppose 0 = v + 6 - 22. What are the prime factors of 22*3/24*v?
2, 11
Let k be (-3)/(-6)*2 - 45. Let r be k/6 + 2/(-3). Let z = -2 - r. What are the prime factors of z?
2, 3
Let w = 4 - -425. List the prime factors of w.
3, 11, 13
Suppose -5*i + 602 = 2*u, 23*i = 2*u + 19*i - 566. What are the prime factors of u?
3, 97
Let r(a) = 55*a**2 + 48*a + 5. List the prime factors of r(-3).
2, 89
Let d(y) = -y. Let m(n) = n + 1. Let w(s) = -d(s) - 6*m(s). Let g(a) = -a - 10. Let b be g(-5). List the prime factors of w(b).
19
Suppose 32*d = 12*d + 15120. What are the prime factors of d?
2, 3, 7
Let i be ((-2)/6 + 1)*3. Suppose -4*t + i*t = -60. Let c = t + -13. What are the prime factors of c?
17
Suppose -3*o = -0*w + 2*w - 1371, 0 = -5*o - w + 2292. Suppose 0 = 6*r - o - 669. Suppose -4*x = -3*s - r, 2*s - 89 = -x - 31. What are the prime factors of x?
2, 5
Let l be (1468/3)/(2/3). Suppose 4*w + 4*o - 3*o = l, w - 194 = 5*o. What are the prime factors of w?
2, 23
Suppose 0 = -3*r + 3*u + 52 + 842, -5*u = -3*r + 896. What are the prime factors of r?
3, 11
Suppose -4*l = -2*m - 1922, 5*m = 3*m + 5*l - 1924. Let z = -572 - m. List the prime factors of z/28 + 1/4.
2, 7
Let w(b) = b**2 - 3*b - 142. What are the prime factors of w(50)?
2, 3, 23
Let b(u) = 22*u - 6. Suppose -42*f - 28 = -46*f. List the prime factors of b(f).
2, 37
List the prime factors of 4472/16 - (7/(-2) - -3).
2, 5, 7
Let z(l) = l + 10. Let x be z(-10). Suppose -5*j - w + 200 = 0, x = 4*j + 2*w + w - 171. What are the prime factors of j?
3, 13
Let u(v) be the second derivative of -35*v**3/6 + 6*v**2 + 2*v. List the prime factors of u(-3).
3, 13
Let n(y) = -8*y + 2. Let k be n(-2). Suppose -3*b - t = t - 49, -b + t = -k. Suppose p + 5 = b. What are the prime factors of p?
2, 3
Suppose 21*z + 2571 = 42744. What are the prime factors of z?
1913
Suppose k + 3*l - 113 = 5*k, 5*k + 2*l = -170. Let v = k + 56. List the prime factors of v.
2, 3
Let l = 805 + -413. List the prime factors of l.
2, 7
Let y(p) = -19*p + 9. Let k(o) be the first derivative of 57*o**2/2 - 27*o + 11. Let u(b) = 6*k(b) + 17*y(b). What are the prime factors of u(3)?
2, 3
Let a(y) = 2*y**2 - 2. Let t(g) = 5*g**2 - g - 5. Let j(v) = -7*a(v) + 3*t(v). Suppose -3*s + 24 = 5*m, -2*s - 3*m + 8 = -8. List the prime factors of j(s).
3, 13
Let t = 142 + -41. What are the prime factors of t?
101
Suppose 8 = 5*q - 2. Let g be 11/q + (-5)/(-10). Suppose -b + 67 = -g. List the prime factors of b.
73
Suppose 22*m - 33306 = 9*m. List the prime factors of m.
2, 3, 7, 61
Suppose -l + 4*s + 1741 = 0, 5*l = 38*s - 33*s + 8750. What are the prime factors of l?
1753
Suppose 2*x + 18 = -8. Let b = x + 10. What are the prime factors of 20/b*126/(-35)?
2, 3
Let l = -26 - -29. Suppose 3*t = l*h + 18, 4 = -5*h - 2*t - 12. List the prime factors of (-684)/h*(-1)/(-3).
3, 19
Let u = -259 + 1298. What are the prime factors of u?
1039
Suppose -5*w = -5*x + 9810, -3929 = -2*x - 246*w + 243*w. List the prime factors of x.
13, 151
Suppose 26*s = -5*s + 93. Let d(w) be the third derivative of w**5/12 - w**4/4 + w**3 - w**2. What are the prime factors of d(s)?
3, 11
Let j(g) = g. Let d be j(8). Let w be (104/(-12))/(d/84). Let o = w - -130. List the prime factors of o.
3, 13
Let n = -295 - -1532. What are the prime factors of n?
1237
Suppose -1425 = -5*x - 2*o, 2*x - 94 = -2*o + 476. Let s = x - 45. List the prime factors of s.
2, 3, 5
Let w(a) = -a**3 + 2*a**2 + 3*a - 4. Let v be w(3). Suppose -2*u + 8 = -10. Let o = u + v. List the prime factors of o.
5
Let z be (-1*(-12)/(-8))/((-3)/(-20)). Suppose -4*v = y - 0*y - 30, 5*v - 5 = 0. Let h = y + z. What are the prime factors of h?
2
Suppose 1 = u - 21. Suppose -10*q + 9*q = -u. What are the prime factors of q?
2, 11
Suppose o = 5, w + 109 = -2*w - o. Let p(k) = -k. Let j be p(-3). What are the prime factors of j/(-6)*(w - -2)?
2, 3
Suppose 0 = -4*q - 3*g - 54, 5*g + 31 = -3*q - 4. Let a = -11 - q. Suppose -2*p = -6*s + s + 311, -4*p = a*s - 260. What are the prime factors of s?
3, 7
Let d be (-1 - -7) + (-3 - 1). Let t(u) = -4*u**d - u + 18*u**2 + 1 + 3*u. What are the prime factors of t(-2)?
53
Let f(w) = -w**2 + 65*w + 36. What are the prime factors of f(36)?
2, 3, 5
Suppose -7416 = -40*y + 11824. List the prime factors of y.
13, 37
Suppose -12*x = -14*x + 12. What are the prime factors of 2/x - ((-1788)/9)/4?
2, 5
What are the prime factors of 670/4 - 43/(-86)?
2, 3, 7
Suppose 34*s = 4*q + 36*s - 1018, 5*s - 1260 = -5*q. What are the prime factors of q?
257
Let n be (-3)/(-2)*(-522)/27. Let u = 34 + n. Let d(y) = 8*y - 18. List the prime factors of d(u).
2, 11
Let r(v) = 8*v**2 + 2*v + 38. Let m be r(8). Suppose -4*h = -16, -9*g + 4*g + h = -m. List the prime factors of g.
2, 3, 19
Suppose 27*j = 56030 - 7970. What are the prime factors of j?
2, 5, 89
Let x(f) = -f**3 + 6*f**2 + 7*f + 5. Suppose -4 = -c + 3. Let t be x(c). Suppose 2*r + 13 = -n + 4*n, 4*n = t*r + 8. What are the prime factors of n?
7
Suppose 4*h - 344 + 32 = 0. Suppose -4*z - v + h = 0, 0*v - 2*v - 34 = -2*z. What are the prime factors of z?
19
Let j(o) be the third derivative of -65*o**4/24 - 3*o**3/2 + 20*o**2. What are the prime factors of j(-2)?
11
Let q be -1 + -1 + 51/3. Suppose -4*y - 4*b = b - q, 5*y + 5*b = 15. Suppose -3*m - 5*z + 150 = 0, 4*m + y*z = -2*z + 200. List the prime factors of m.
2, 5
List the prime factors of (-2 - (-152)/7)/((-6)/(-42)).
2, 3, 23
Suppose -3*j - 48 = -4*m, 3*m - 2*m - 1 = -2*j. Let q(z) = -z**3 + 11*z**2 - 2*z - 9. List the prime factors of q(m).
3, 5
Let y = 4 - -4. Let d(o) = 4*o - 9. What are the prime factors of d(y)?
23
Suppose -5*l + 8*l = 27. Suppose 138 = -l*w + 12*w. List the prime factors of w.
2, 23
Let q(n) = n**3 - 11*n**2 + 10*n + 4. Let v be q(10). Suppose -2*g + 12 = v*u, 4*u - 11 = -3*g + 3. Suppose 27 = z + u. What are the prime factors of z?
5
Let f(l) = -1411*l - 326. List the prime factors of f(-3).
3907
Suppose -2472 = -2*t - 22*t. What are the prime factors of t?
103
Let x be 4/1*27/(-6). Let q be 3*3/x*0. Suppose -3*p = -q*p - 111. What are the prime factors of p?
37
Let m(n) = 10*n + 84. What are the prime factors of m(13)?
2, 107
Let d be 0*(-3 - (-44)/16). Suppose -2*f + 15 + 123 = d. Let l = f + -14. What are the prime factors of l?
5, 11
Let n(j) = 66*j - 11. Suppose 4*m + 11 = -2*p - m, 0 = -2*p + m + 7. What are the prime factors of n(p)?
11
Suppose -25 = -4*o - 1. What are the prime factors of (-1421)/(-35) - o/(-15)?
41
Let d(m) = -7*m + 3. Let x be d(-1). Suppose -6*i + x*i = 224. What are the prime factors of i?
2, 7
Suppose 3*v + 6 = -3*g, g - 4*v - v = 22. Suppose 7*l - 175 = g*l. What are the prime factors of l?
5, 7
Let t be (-1774)/10 + (-28)/(-70). Let w = -115 - t. List the prime factors of w.
2, 31
What are the prime factors of 6*10*(-2274)/(-72)?
5, 379
Suppose -5*z - 242 = 3*f, 4*z - 4*f = z - 151. Suppose 8*x + 928 - 184 = 0. Let n = z - x. List the prime factors of n.
2, 11
Let n(x) = -x + 15. Let o be n(12). Suppose -o*w = w - 8. List the prime factors of w*(-19)/(-2) - -3.
2, 11
Let y = -1 - -2. Let k(w) = 9*w - 109. Let x be k(17). Suppose x = 2*g - 3*h - y, -2*g = -2*h - 46. List the prime factors of g.
2, 3
Let v be (-9)/(-18) + 95/2. Let d(k) = k - 24. Let t be d(6). Let l = v + t. List the prime factors of l.
2, 3, 5
Let x(r) = 7*r**2 + 9*r + 14. What are 